[INFO] cloning repository https://github.com/Th3-M4jor/YewChipManager
[INFO] running `Command { std: "git" "-c" "credential.helper=" "-c" "credential.helper=/workspace/cargo-home/bin/git-credential-null" "clone" "--bare" "https://github.com/Th3-M4jor/YewChipManager" "/workspace/cache/git-repos/https%3A%2F%2Fgithub.com%2FTh3-M4jor%2FYewChipManager", kill_on_drop: false }`
[INFO] [stderr] Cloning into bare repository '/workspace/cache/git-repos/https%3A%2F%2Fgithub.com%2FTh3-M4jor%2FYewChipManager'...
[INFO] running `Command { std: "git" "rev-parse" "HEAD", kill_on_drop: false }`
[INFO] [stdout] 5276c14c565e921163ea324a87fbc5bf73504120
[INFO] checking Th3-M4jor/YewChipManager against master#9610dfe5a9a731ced1ea4923ecbd0c57fe367898 for beta-170-4
[INFO] running `Command { std: "git" "clone" "/workspace/cache/git-repos/https%3A%2F%2Fgithub.com%2FTh3-M4jor%2FYewChipManager" "/workspace/builds/worker-2-tc1/source", kill_on_drop: false }`
[INFO] [stderr] Cloning into '/workspace/builds/worker-2-tc1/source'...
[INFO] [stderr] done.
[INFO] validating manifest of git repo https://github.com/Th3-M4jor/YewChipManager on toolchain 9610dfe5a9a731ced1ea4923ecbd0c57fe367898
[INFO] running `Command { std: CARGO_HOME="/workspace/cargo-home" RUSTUP_HOME="/workspace/rustup-home" "/workspace/cargo-home/bin/cargo" "+9610dfe5a9a731ced1ea4923ecbd0c57fe367898" "metadata" "--manifest-path" "Cargo.toml" "--no-deps", kill_on_drop: false }`
[INFO] removed /workspace/builds/worker-2-tc1/source/rust-toolchain
[INFO] started tweaking git repo https://github.com/Th3-M4jor/YewChipManager
[INFO] finished tweaking git repo https://github.com/Th3-M4jor/YewChipManager
[INFO] tweaked toml for git repo https://github.com/Th3-M4jor/YewChipManager written to /workspace/builds/worker-2-tc1/source/Cargo.toml
[INFO] crate git repo https://github.com/Th3-M4jor/YewChipManager already has a lockfile, it will not be regenerated
[INFO] running `Command { std: CARGO_HOME="/workspace/cargo-home" RUSTUP_HOME="/workspace/rustup-home" "/workspace/cargo-home/bin/cargo" "+9610dfe5a9a731ced1ea4923ecbd0c57fe367898" "fetch" "--manifest-path" "Cargo.toml", kill_on_drop: false }`
[INFO] [stderr]     Updating crates.io index
[INFO] [stderr]  Downloading crates ...
[INFO] [stderr]   Downloaded yewtil v0.4.0
[INFO] [stderr]   Downloaded yewtil-macro v0.3.0
[INFO] [stderr]   Downloaded yew-macro v0.18.0
[INFO] [stderr]   Downloaded unchecked_unwrap v3.0.0
[INFO] [stderr]   Downloaded yew v0.18.0
[INFO] running `Command { std: "docker" "create" "-v" "/var/lib/crater-agent-workspace/builds/worker-2-tc1/target:/opt/rustwide/target:rw,Z" "-v" "/var/lib/crater-agent-workspace/builds/worker-2-tc1/source:/opt/rustwide/workdir:ro,Z" "-v" "/var/lib/crater-agent-workspace/cargo-home:/opt/rustwide/cargo-home:ro,Z" "-v" "/var/lib/crater-agent-workspace/rustup-home:/opt/rustwide/rustup-home:ro,Z" "-e" "SOURCE_DIR=/opt/rustwide/workdir" "-e" "CARGO_TARGET_DIR=/opt/rustwide/target" "-e" "CARGO_HOME=/opt/rustwide/cargo-home" "-e" "RUSTUP_HOME=/opt/rustwide/rustup-home" "-w" "/opt/rustwide/workdir" "-m" "1610612736" "--user" "0:0" "--network" "none" "ghcr.io/rust-lang/crates-build-env/linux@sha256:19e73879b68f455e41552ea35293514db52ea292d993f571636dbffedb77a1ee" "/opt/rustwide/cargo-home/bin/cargo" "+9610dfe5a9a731ced1ea4923ecbd0c57fe367898" "metadata" "--no-deps" "--format-version=1", kill_on_drop: false }`
[INFO] [stdout] 1cc6e5f2599dce990dfecee89e030c09d2154e79b87d03b3921baa938fcecfc5
[INFO] running `Command { std: "docker" "start" "-a" "1cc6e5f2599dce990dfecee89e030c09d2154e79b87d03b3921baa938fcecfc5", kill_on_drop: false }`
[INFO] running `Command { std: "docker" "inspect" "1cc6e5f2599dce990dfecee89e030c09d2154e79b87d03b3921baa938fcecfc5", kill_on_drop: false }`
[INFO] running `Command { std: "docker" "rm" "-f" "1cc6e5f2599dce990dfecee89e030c09d2154e79b87d03b3921baa938fcecfc5", kill_on_drop: false }`
[INFO] [stdout] 1cc6e5f2599dce990dfecee89e030c09d2154e79b87d03b3921baa938fcecfc5
[INFO] running `Command { std: "docker" "create" "-v" "/var/lib/crater-agent-workspace/builds/worker-2-tc1/target:/opt/rustwide/target:rw,Z" "-v" "/var/lib/crater-agent-workspace/builds/worker-2-tc1/source:/opt/rustwide/workdir:ro,Z" "-v" "/var/lib/crater-agent-workspace/cargo-home:/opt/rustwide/cargo-home:ro,Z" "-v" "/var/lib/crater-agent-workspace/rustup-home:/opt/rustwide/rustup-home:ro,Z" "-e" "SOURCE_DIR=/opt/rustwide/workdir" "-e" "CARGO_TARGET_DIR=/opt/rustwide/target" "-e" "CARGO_INCREMENTAL=0" "-e" "RUST_BACKTRACE=full" "-e" "RUSTFLAGS=--cap-lints=forbid" "-e" "RUSTDOCFLAGS=--cap-lints=forbid" "-e" "CARGO_HOME=/opt/rustwide/cargo-home" "-e" "RUSTUP_HOME=/opt/rustwide/rustup-home" "-w" "/opt/rustwide/workdir" "-m" "1610612736" "--user" "0:0" "--network" "none" "ghcr.io/rust-lang/crates-build-env/linux@sha256:19e73879b68f455e41552ea35293514db52ea292d993f571636dbffedb77a1ee" "/opt/rustwide/cargo-home/bin/cargo" "+9610dfe5a9a731ced1ea4923ecbd0c57fe367898" "check" "--frozen" "--all" "--all-targets" "--message-format=json", kill_on_drop: false }`
[INFO] [stdout] 763c085aba974be985498acce8ba599f70f73d778916df098261aef15d643e89
[INFO] running `Command { std: "docker" "start" "-a" "763c085aba974be985498acce8ba599f70f73d778916df098261aef15d643e89", kill_on_drop: false }`
[INFO] [stderr]    Compiling proc-macro2 v1.0.27
[INFO] [stderr]    Compiling syn v1.0.72
[INFO] [stderr]    Compiling log v0.4.14
[INFO] [stderr]    Compiling serde_derive v1.0.126
[INFO] [stderr]    Compiling wasm-bindgen-shared v0.2.74
[INFO] [stderr]    Compiling lazy_static v1.4.0
[INFO] [stderr]    Compiling serde v1.0.126
[INFO] [stderr]    Compiling cfg-if v1.0.0
[INFO] [stderr]    Compiling bumpalo v3.7.0
[INFO] [stderr]     Checking itoa v0.4.7
[INFO] [stderr]    Compiling serde_json v1.0.64
[INFO] [stderr]    Compiling wasm-bindgen v0.2.74
[INFO] [stderr]    Compiling indexmap v1.6.2
[INFO] [stderr]    Compiling anyhow v1.0.40
[INFO] [stderr]    Compiling libc v0.2.95
[INFO] [stderr]    Compiling yew v0.18.0
[INFO] [stderr]    Compiling boolinator v2.4.0
[INFO] [stderr]     Checking hashbrown v0.9.1
[INFO] [stderr]     Checking bytes v1.0.1
[INFO] [stderr]    Compiling wee_alloc v0.4.5
[INFO] [stderr]     Checking cfg-match v0.2.1
[INFO] [stderr]     Checking anymap v0.12.1
[INFO] [stderr]    Compiling quote v1.0.9
[INFO] [stderr]     Checking slab v0.4.3
[INFO] [stderr]     Checking http v0.2.4
[INFO] [stderr]     Checking memory_units v0.4.0
[INFO] [stderr]     Checking unchecked_unwrap v3.0.0
[INFO] [stderr]    Compiling wasm-bindgen-backend v0.2.74
[INFO] [stderr]    Compiling thiserror-impl v1.0.25
[INFO] [stderr]    Compiling yew-macro v0.18.0
[INFO] [stderr]    Compiling yewtil-macro v0.3.0
[INFO] [stderr]    Compiling wasm-bindgen-macro-support v0.2.74
[INFO] [stderr]    Compiling wasm-bindgen-macro v0.2.74
[INFO] [stderr]     Checking thiserror v1.0.25
[INFO] [stderr]     Checking bincode v1.3.3
[INFO] [stderr]     Checking js-sys v0.3.51
[INFO] [stderr]     Checking console_error_panic_hook v0.1.6
[INFO] [stderr]     Checking web-sys v0.3.51
[INFO] [stderr]     Checking wasm-bindgen-futures v0.4.24
[INFO] [stderr]     Checking gloo-events v0.1.1
[INFO] [stderr]     Checking gloo-console-timer v0.1.0
[INFO] [stderr]     Checking gloo-timers v0.2.1
[INFO] [stderr]     Checking wasm-logger v0.2.0
[INFO] [stderr]     Checking gloo-file v0.1.0
[INFO] [stderr]     Checking gloo v0.2.1
[INFO] [stderr]     Checking yewtil v0.4.0
[INFO] [stderr]     Checking yew-app v0.1.0 (/opt/rustwide/workdir)
[INFO] [stdout] error[E0635]: unknown feature `option_result_contains`
[INFO] [stdout]  --> src/lib.rs:4:12
[INFO] [stdout]   |
[INFO] [stdout] 4 | #![feature(option_result_contains, try_blocks)]
[INFO] [stdout]   |            ^^^^^^^^^^^^^^^^^^^^^^
[INFO] [stdout] 
[INFO] [stdout] 
[INFO] [stdout] error[E0635]: unknown feature `option_result_contains`
[INFO] [stdout]  --> src/lib.rs:4:12
[INFO] [stdout]   |
[INFO] [stdout] 4 | #![feature(option_result_contains, try_blocks)]
[INFO] [stdout]   |            ^^^^^^^^^^^^^^^^^^^^^^
[INFO] [stdout] 
[INFO] [stdout] 
[INFO] [stdout] error[E0599]: no method named `contains` found for enum `std::option::Option` in the current scope
[INFO] [stdout]    --> src/app.rs:304:49
[INFO] [stdout]     |
[INFO] [stdout] 304 |             if folder_empty || self.player_name.contains(*player) {
[INFO] [stdout]     |                                                 ^^^^^^^^ method not found in `Option<String>`
[INFO] [stdout]     |
[INFO] [stdout] note: the method `contains` exists on the type `std::string::String`
[INFO] [stdout]    --> /rustc/9610dfe5a9a731ced1ea4923ecbd0c57fe367898/library/core/src/str/mod.rs:1063:5
[INFO] [stdout] help: consider using `Option::expect` to unwrap the `std::string::String` value, panicking if the value is an `Option::None`
[INFO] [stdout]     |
[INFO] [stdout] 304 |             if folder_empty || self.player_name.expect("REASON").contains(*player) {
[INFO] [stdout]     |                                                +++++++++++++++++
[INFO] [stdout] 
[INFO] [stdout] 
[INFO] [stdout] error[E0599]: no method named `contains` found for enum `std::option::Option` in the current scope
[INFO] [stdout]    --> src/app.rs:304:49
[INFO] [stdout]     |
[INFO] [stdout] 304 |             if folder_empty || self.player_name.contains(*player) {
[INFO] [stdout]     |                                                 ^^^^^^^^ method not found in `Option<String>`
[INFO] [stdout]     |
[INFO] [stdout] note: the method `contains` exists on the type `std::string::String`
[INFO] [stdout]    --> /rustc/9610dfe5a9a731ced1ea4923ecbd0c57fe367898/library/core/src/str/mod.rs:1063:5
[INFO] [stdout] help: consider using `Option::expect` to unwrap the `std::string::String` value, panicking if the value is an `Option::None`
[INFO] [stdout]     |
[INFO] [stdout] 304 |             if folder_empty || self.player_name.expect("REASON").contains(*player) {
[INFO] [stdout]     |                                                +++++++++++++++++
[INFO] [stdout] 
[INFO] [stdout] 
[INFO] [stdout] error: aborting due to 2 previous errors
[INFO] [stdout] 
[INFO] [stdout] 
[INFO] [stdout] Some errors have detailed explanations: E0599, E0635.
[INFO] [stdout] 
[INFO] [stdout] For more information about an error, try `rustc --explain E0599`.
[INFO] [stdout] 
[INFO] [stdout] error: aborting due to 2 previous errors
[INFO] [stdout] 
[INFO] [stdout] 
[INFO] [stdout] Some errors have detailed explanations: E0599, E0635.
[INFO] [stdout] 
[INFO] [stdout] For more information about an error, try `rustc --explain E0599`.
[INFO] [stdout] 
[INFO] [stderr] error: could not compile `yew-app` (lib test) due to 3 previous errors
[INFO] [stderr] warning: build failed, waiting for other jobs to finish...
[INFO] [stderr] error: could not compile `yew-app` (lib) due to 3 previous errors
[INFO] running `Command { std: "docker" "inspect" "763c085aba974be985498acce8ba599f70f73d778916df098261aef15d643e89", kill_on_drop: false }`
[INFO] running `Command { std: "docker" "rm" "-f" "763c085aba974be985498acce8ba599f70f73d778916df098261aef15d643e89", kill_on_drop: false }`
[INFO] [stdout] 763c085aba974be985498acce8ba599f70f73d778916df098261aef15d643e89
